4)/(-22). Calculate the highest common factor of 40 and r.
8
Suppose 3*z = -15, -3*z + 575 = 4*d + d. Let n(c) = -1 + 3 + d*c - 1 + 16*c. Let h be n(1). Calculate the highest common divisor of 15 and h.
15
Let w(m) = -m**2 + 6*m. Let z be w(6). Suppose z = -4*b + 59 - 815. Let k be 2/((30/b)/(-5)). Calculate the highest common factor of 42 and k.
21
Let j = -14 + 23. Let p be (28/3)/(3/j). Suppose 0 = -0*s + s - 2*b - 4, 3*s = -2*b + p. Calculate the highest common divisor of s and 32.
8
Suppose 0 = -4*p + 115 - 7. Suppose 4*b - 3*i - 19 = -4*i, 0 = -3*b - 5*i + p. What is the greatest common divisor of 28 and b?
4
Suppose -3*a + 0 = -15. Suppose -3*h = x - 106 - 4, -a*x = 2*h - 95. Let q be 11/2 + 1/(-2). Calculate the highest common divisor of h and q.
5
Let g be (2/(-4))/((-1)/(-6)). Let q be 127*(-2 - g)/(-1). Let p = -43 - q. Calculate the greatest common factor of p and 12.
12
Let l = 32 - 31. What is the greatest common divisor of 1 and l?
1
Suppose 0 = 8*g - 60 - 28. What is the highest common divisor of 77 and g?
11
Let p be (2 + (4 - 3))*3. Suppose -10 + 5 = -b. Let r(m) = 3*m - 6. Let d be r(b). What is the highest common factor of d and p?
9
Let g(n) = -21*n - 1. Let c(f) = -f**3 - 3*f**2 + 3*f + 4. Let u be c(-3). Let l be g(u). Calculate the highest common factor of 13 and l.
13
Suppose -9 + 49 = 4*o. Let u be 115/o - 1/2. Calculate the greatest common divisor of 44 and u.
11
Let w be (182/(-6))/((-4)/12). Let t = 9 + w. What is the greatest common factor of t and 10?
10
Suppose 309 = 5*o + 3*s, 2*o = 5*s + 64 + 41. Let b be (-12)/(-10)*o/9. Suppose -4*q = -2*q - 48. Calculate the greatest common factor of q and b.
8
Let r(t) = t**3 + 6*t - 15. Let y be r(2). What is the greatest common divisor of y and 3?
1
Suppose -2*v - 5*b + 4*b + 7 = 0, 0 = -b + 1. Let k = 9 + -6. Calculate the greatest common divisor of k and v.
3
Let a be ((-22)/4)/1*-2. Let d(q) = -50*q**3 + 2*q**2 + 2*q + 1. Let x be d(-1). Let r = x + 4. What is the greatest common factor of r and a?
11
Let d be 0/(-1) - (5 - 92). Calculate the highest common divisor of d and 58.
29
Let d be (6/(-8))/(3/(-12)). Let n = d - -2. Let p = -43 + 78. Calculate the highest common divisor of p and n.
5
Suppose 3*y - 2*h = 16, -y + 2 = -3*h - h. Suppose 160 = -l + y*l. What is the greatest common divisor of 8 and l?
8
Let x be -2 - -26*3/6. What is the greatest common factor of x and 99?
11
Let a(o) = -o - 5. Let i be a(-7). Suppose i = 2*m - 10. What is the greatest common factor of m and 4?
2
Let c(i) = -i**3 - 7*i**2 + 3*i - 16. Let f be c(-8). What is the highest common divisor of 120 and f?
24
Suppose -3*c + 20 = 2*c. Suppose 12 = c*x + j, -j = -2*x + x - 2. Calculate the greatest common factor of 2 and x.
2
Let j = 151 - 41. What is the greatest common divisor of 22 and j?
22
Suppose -30*z + 32*z = 90. Calculate the highest common divisor of z and 30.
15
Let s(k) be the first derivative of 11*k**2/2 + k + 3. Let y be s(1). What is the highest common divisor of 96 and y?
12
Suppose 2*d - 7 - 7 = 0. Calculate the greatest common divisor of d and 14.
7
Let j = 31 - 16. Suppose -5*a = 3*h - 150, -4*h + 120 = 4*a - 8*h. Calculate the greatest common factor of a and j.
15
Suppose -11*g - 7*g + 306 = 0. Calculate the highest common divisor of 34 and g.
17
Let t be -2 + (-2 - -35 - 1). Suppose 3*z + 20 - 164 = 0. Suppose -6*x + z = -2*x. Calculate the greatest common divisor of t and x.
6
Suppose 0 = -4*p + 2*p - 18. Let h be (-6)/p - 28/(-3). What is the greatest common factor of 100 and h?
10
Let f(m) = -2*m**3 - 2*m**2 + 2*m - 1. Let w be f(1). Let l be w/(((-3)/(-2))/1). Let g be (l - -3) + 2 + -1. Calculate the highest common factor of g and 4.
2
Let v(j) = j - 3. Let f be v(7). Suppose -f*s = -3*s - 30. Suppose 6*g = 3*g + s. What is the highest common divisor of 80 and g?
10
Let l = 141 - 80. Suppose -4*g + l = -43. Suppose 42 - 159 = -3*w. Calculate the greatest common divisor of g and w.
13
Let k(c) = c**2 + 1. Let t(g) = 2*g**2 - 16*g - 14. Let y(o) = -3*k(o) + t(o). Let q be y(-13). What is the greatest common divisor of q and 44?
22
Let s(t) = t + 9. Let v be s(-11). Let c be v/(4/36*-1). Calculate the highest common divisor of c and 2.
2
Let m(b) = 21*b + 16. Let d(s) = 4*s + 3. Let q(f) = 11*d(f) - 2*m(f). Let p be q(1). Let j = -21 + 22. Calculate the greatest common factor of j and p.
1
Let o(l) = 8*l. Let s be o(-1). Let a be 42 + -3*s/(-6). Calculate the greatest common divisor of a and 95.
19
Let h(n) = -2*n**3 - n**2 + 2*n - 1. Let q be h(1). Let k be q - (0 - 9 - -3). Let u = 0 + k. Calculate the highest common divisor of u and 4.
4
Suppose i + 5*k = 10 + 13, 3*i = 2*k + 1. Calculate the greatest common factor of i and 24.
3
Suppose 5*g = g + 256. Suppose -4*p - 3*j = -117, -5*j + 10 + g = 3*p. Suppose 2*m = -m + 9. What is the greatest common divisor of m and p?
3
Let k be 4/6 - 86/(-6). What is the greatest common divisor of 45 and k?
15
Let y be 13/5 - 4/(-10). Suppose 26 = y*a - 1. What is the greatest common divisor of a and 72?
9
Suppose -2*c = 3*c. Suppose -3*o + 11 = -l, -2*o - 4*l + 2*l - 6 = c. Suppose -o*t + 325 = 3*t. Calculate the greatest common factor of t and 13.
13
Let i = 19 + -27. Let z = -5 - i. Calculate the highest common divisor of z and 21.
3
Let q be ((-4)/(-1) + 0)/1. Let z be q/5*(-5)/(-1). Calculate the greatest common divisor of 4 and z.
4
Suppose 0 = -4*x + 4*g + 40, 0 = -5*x - 5*g + 33 + 67. Suppose -4*m + 0 = -8. Let z be m/6 - (-1795)/15. Calculate the highest common divisor of z and x.
15
Let m = 28 - 17. What is the highest common divisor of 77 and m?
11
Let i = -5 - -10. Let v = -1 + i. Let f be (-21)/(-2) + v/(-8). Calculate the highest common factor of f and 30.
10
Let f be 27/36 - (-642)/8. What is the highest common divisor of f and 9?
9
Suppose 0 = -c - 4*m + 7, 15 - 43 = -4*c - 3*m. Calculate the highest common divisor of 21 and c.
7
Let h be (-12)/(-10)*10*1. Let s be (9/3)/(9/6). Let x be -12 + 19 - 6/s. Calculate the highest common divisor of h and x.
4
Let y(j) = -j**3 - 5*j**2 + 5*j + 9. Let m be y(-6). Calculate the highest common divisor of m and 45.
15
Suppose a - 30 = -4*a. Let w(q) = 6*q - 6. Let s be w(a). What is the highest common divisor of s and 45?
15
Suppose -5*s - 11 = m, 4*m - 3*s - 1 = -m. Let n = 1 - m. Let t be (n/(-8) - -1)*8. What is the highest common factor of t and 12?
6
Let n be (-3)/2*(-1560)/90. What is the greatest common factor of 182 and n?
26
Let l be (1 + 3)*(-20)/(-16). Suppose -o + l*v = -0*o - 27, 5 = 5*v. What is the highest common divisor of 48 and o?
16
Suppose 0 = -3*f + 2*h + 15, -f + 9 = 5*h + 21. Suppose -50 - 14 = -4*w + 3*a, 2*a + 48 = f*w. Calculate the highest common divisor of w and 24.
8
Suppose 5*n - w - 134 = 201, -173 = -3*n - 5*w. Suppose -5*u - 9 = -2*c, -4*c - 3*u - 9 + n = 0. What is the highest common factor of c and 4?
4
Suppose 0 = b - 6*b - 25, 2*c - 5*b - 85 = 0. Calculate the greatest common divisor of 10 and c.
10
Suppose 11 = 4*i - 25. What is the highest common factor of 33 and i?
3
Let q(i) = -i**3 - 8*i**2 - 4. Let x be q(-8). Let v = x - -20. Suppose -4*k = -3*k - v. What is the highest common factor of 112 and k?
16
Let v = 10 - 1. Let b = -144 + 273. Suppose -5*x - b = -4*j, -6*x - 132 = -4*j - 2*x. What is the greatest common factor of j and v?
9
Let l(j) be the first derivative of -j**2/2 - 2*j + 1. Suppose -5*i = 24 + 6. Let h be l(i). What is the highest common factor of 4 and h?
4
Let s(g) be the third derivative of g**6/60 - g**5/20 + 5*g**4/24 - 2*g**3/3 + 6*g**2. Let l be s(4). Calculate the greatest common factor of 16 and l.
16
Suppose s + 3*u = 273, -2*u - 434 - 880 = -5*s. Let v be (-3 - -3) + s/2. Let b = -1 - -13. What is the highest common factor of v and b?
12
Suppose -g = g - 36. Let q(u) = 13*u**2 - 1. Let t be q(1). Calculate the highest common factor of g and t.
6
Suppose j = -3*j + 112. What is the greatest common divisor of j and 7?
7
Let j be 208/20 + (-5 - (-115)/25). Suppose -3*h + 18 + 12 = 0. What is the greatest common factor of j and h?
10
Let q(n) = -n**3 - 15*n**2 - 18*n + 25. Let k be q(-14). What is the greatest common divisor of k and 54?
27
Let u = 10 + 0. Suppose -n + 130 = -10. Suppose 0 + n = 7*f. What is 